 of 60?
True
Is 1441307016 a multiple of 1368?
True
Does 1496 divide 46474849?
False
Does 177 divide 43777280?
False
Is 7 a factor of 29194599?
True
Is 86 a factor of 568089942?
True
Is 20930427 a multiple of 63?
True
Does 27 divide 40128021?
True
Is 665584623 a multiple of 1526?
False
Does 43 divide 632330738?
True
Is 2648521 a multiple of 44?
False
Is 440 a factor of 88432080?
True
Does 1476 divide 244580540?
False
Is 14159536 a multiple of 16?
True
Is 1941760 a multiple of 1184?
True
Is 18757794 a multiple of 94?
True
Is 914233084 a multiple of 269?
True
Is 18608467 a multiple of 17?
False
Does 4 divide 11891641?
False
Does 759 divide 19943774?
False
Is 103150800 a multiple of 1140?
False
Does 34 divide 82904805?
False
Is 2085 a factor of 96777360?
True
Is 2203325290 a multiple of 10?
True
Does 198 divide 119673537?
False
Does 580 divide 245254160?
True
Is 3926 a factor of 2915095143?
False
Does 5 divide 156585575?
True
Is 253391868 a multiple of 17?
True
Is 2073790620 a multiple of 60?
True
Is 690252277 a multiple of 169?
True
Does 343 divide 4025819469?
True
Does 627 divide 1168448358?
True
Is 11 a factor of 1742298712?
True
Does 1790 divide 37861265?
False
Does 83 divide 41901222?
True
Is 3089 a factor of 74849327?
False
Is 24 a factor of 52955280?
True
Does 727 divide 268031087?
True
Is 1602 a factor of 58243914?
True
Does 9 divide 706007979?
True
Is 305584185 a multiple of 272?
False
Is 21391939 a multiple of 319?
False
Does 4 divide 19291918?
False
Is 277 a factor of 576555556?
True
Is 59114075 a multiple of 756?
False
Is 1935509861 a multiple of 43?
False
Is 29 a factor of 23039456?
True
Does 400 divide 110083705?
False
Does 34 divide 10432606?
False
Does 19 divide 218628117?
True
Does 39 divide 882203361?
True
Does 14 divide 143551377?
False
Does 3652 divide 5284541353?
False
Does 3 divide 55800019?
False
Is 5425368 a multiple of 312?
True
Is 1502904744 a multiple of 396?
True
Is 1091 a factor of 13115373?
False
Does 35 divide 5744990445?
False
Is 1262153 a multiple of 12?
False
Is 1306 a factor of 46743531?
False
Is 9 a factor of 12707046?
True
Is 60054766 a multiple of 1018?
False
Is 17271242 a multiple of 124?
False
Is 631966250 a multiple of 50?
True
Is 198748242 a multiple of 198?
True
Does 329 divide 140436611?
True
Is 468 a factor of 876329064?
True
Is 9 a factor of 17365878?
True
Does 23 divide 486807857?
True
Is 36 a factor of 137616461?
False
Is 14476640 a multiple of 128?
False
Does 13 divide 3585991760?
True
Does 12 divide 52365288?
True
Is 10 a factor of 3546638145?
False
Does 144 divide 48778416?
True
Does 13 divide 73284171?
False
Does 221 divide 30006537?
False
Is 791 a factor of 872916334?
False
Does 38 divide 61650896?
True
Does 206 divide 492841198?
True
Is 5 a factor of 14221700?
True
Is 7 a factor of 19364156?
True
Is 483 a factor of 12917722?
False
Is 2390620742 a multiple of 13?
False
Is 764277029 a multiple of 19?
False
Is 204186864 a multiple of 6?
True
Is 363 a factor of 2755674207?
True
Is 111 a factor of 27348896?
False
Is 33281854 a multiple of 234?
False
Does 121 divide 27169851?
False
Is 172 a factor of 18543036?
False
Is 11209957 a multiple of 157?
True
Does 56 divide 10719891?
False
Is 46540520 a multiple of 20?
True
Does 134 divide 134268?
True
Is 6838170 a multiple of 10?
True
Is 437 a factor of 67718013?
False
Is 816990426 a multiple of 18?
True
Is 21215860 a multiple of 82?
True
Does 132 divide 756320437?
False
Does 142 divide 2076693200?
True
Is 105 a factor of 5053876?
False
Does 510 divide 25304160?
True
Is 441 a factor of 106812405?
True
Does 18 divide 1431036?
True
Is 4319895853 a multiple of 13?
True
Is 12 a factor of 545916552?
True
Does 42 divide 165329094?
True
Is 1972 a factor of 24056428?
True
Is 17562645 a multiple of 8?
False
Is 2813 a factor of 105327690?
False
Is 3041070 a multiple of 15?
True
Is 1061421215 a multiple of 1415?
True
Does 2468 divide 166135888?
True
Is 941541088 a multiple of 1028?
True
Is 3315 a factor of 166326896?
False
Does 887 divide 1159163759?
False
Is 7 a factor of 45449943?
True
Does 285 divide 445827858?
False
Is 180606975 a multiple of 4594?
False
Does 21 divide 810039258?
True
Is 6058 a factor of 499189533?
False
Is 3712 a factor of 22888192?
True
Is 23795479 a multiple of 288?
False
Is 34 a factor of 18907468?
True
Is 6507 a factor of 261548865?
True
Is 111 a factor of 2837271?
True
Does 337 divide 8816257?
True
Does 10 divide 7288281?
False
Is 132 a factor of 749630339?
False
Does 139 divide 1249206771?
False
Is 2778308722 a multiple of 62?
True
Does 35 divide 2008510?
True
Does 970 divide 532250206?
False
Is 2530957536 a multiple of 96?
True
Does 2202 divide 683440485?
False
Is 897 a factor of 341614378?
False
Is 489170840 a multiple of 145?
True
Is 219 a factor of 10719393?
True
Is 18143300 a multiple of 100?
True
Does 3 divide 1053714875?
False
Is 29228311 a multiple of 11?
False
Does 17 divide 391136?
True
Does 1816 divide 1202651448?
True
Is 1369115339 a multiple of 18?
False
Is 94105985 a multiple of 681?
False
Is 699 a factor of 14198787?
True
Is 588744 a multiple of 74?
True
Does 6002 divide 3779861534?
True
Is 2072265629 a multiple of 608?
False
Does 169 divide 245905140?
True
Is 50706136 a multiple of 134?
True
Is 34 a factor of 2868240?
True
Is 3117739252 a multiple of 172?
True
Does 25 divide 4940096375?
True
Is 7101560 a multiple of 34?
False
Is 11 a factor of 1365336669?
False
Is 126 a factor of 49877040?
False
Is 8 a factor of 1622892216?
True
Is 1007 a factor of 260816854?
False
Does 121 divide 17625707?
True
Is 24 a factor of 39339936?
True
Is 11 a factor of 78771956?
False
Does 759 divide 80213397?
True
Is 17 a factor of 27657351?
True
Does 3892 divide 1338471667?
False
Is 1581 a factor of 45839514?
True
Does 278 divide 2727627580?
True
Does 89 divide 16074112?
True
Is 3391318 a multiple of 29?
True
Is 33051693 a multiple of 37?
True
Is 520656444 a multiple of 28?
True
Is 32 a factor of 435310777?
False
Does 4 divide 2880916?
True
Is 21 a factor of 4296869?
False
Is 185534268 a multiple of 12?
True
Is 83030856 a multiple of 1156?
True
Is 596177433 a multiple of 2872?
False
Does 8 divide 161631102?
False
Is 13 a factor of 332670835?
False
Is 819 a factor of 174193110?
True
Is 1169024096 a multiple of 942?
False
Does 29 divide 17281158?
True
Is 188 a factor of 82197736?
True
Is 89774082 a multiple of 582?
True
Is 3363043960 a multiple of 7640?
True
Does 58 divide 5528424?
False
Is 335 a factor of 14262290?
True
Is 158 a factor of 363133770?
True
Is 85 a factor of 1043673?
False
Is 521 a factor of 8203145?
True
Does 5405 divide 262060847?
False
Is 18146383 a multiple of 757?
False
Is 258622961 a multiple of 189?
False
Does 140 divide 364133948?
False
Is 3925560 a multiple of 60?
True
Does 3605 divide 84973455?
True
Is 2611740 even?
True
Does 5 divide 46162637?
False
Does 1444 divide 66879907?
False
Is 37822919 a multiple of 142?
False
Is 163478535 a multiple of 33?
True
Is 2204 a factor of 190185364?
True
Is 709298646 a multiple of 609?
True
Is 2429 a factor of 5409287276?
False
Is 16 a factor of 200546352?
True
Is 26688897 a multiple of 8?
False
Is 9 a factor of 44419833?
True
Is 277515279 a multiple of 579?
True
Is 8216967 a multiple of 1649?
True
Is 328084416 a multiple of 318?
True
Is 7284 a factor of 4433896943?
False
Is 19 a factor of 60117577?
True
Is 1020 a factor of 80197509?
False
Does 12 divide 7410696?
True
Does 6 divide 819937208?
False
Is 38 a factor of 26830280?
True
Is 28000482 a multiple of 743?
False
Does 5525 divide 799583525?
True
Is 1237 a factor of 520305?
False
Is 41508338 a multiple of 29?
True
Does 25 divide 48968800?
True
Is 358 a factor of 1431998568?
True
Is 933511752 a multiple of 102?
True
Is 15 a factor of 70022536?
False
Is 46 a factor of 1032020373?
False
Does 18 divide 11101320?
True
Does 553 divide 1357765969?
True
Does 13 divide 59704173?
False
Is 641 a factor of 413972040?
False
Is 8 a factor of 89684804?
False
Is 95 a factor of 71643015?
True
Is 449377839 a multiple of 347?
True
Is 644 a factor of 180488728?
True
Does 2039 divide 2108014033?
True
Does 13 divide 552893341?
True
Is 752 a factor of 917967904?
True
Does 12 divide 17243316?
True
Is 1013 a factor of 60122145?
False
Is 1724820 a multipl